the highest common divisor of a and 3.
3
Suppose 0 = -18*n + 20*n - 4. Suppose -6 = n*m - 4*m. Suppose 3*h - 92 = -5*y + 37, -m*h + 141 = y. What is the greatest common factor of h and 16?
16
Let q = 84 + -44. Suppose 3*z - 2*z - q = 0. Suppose -2*u = 6, -c + 45 = -5*u - z. What is the highest common factor of c and 10?
10
Suppose -51*t - 4871 = -18743. What is the greatest common divisor of t and 16?
16
Let i be (-476)/42 - 2/(-6). Let z = 20 + i. Calculate the highest common factor of 63 and z.
9
Suppose -2*w + 40 = -l, -3*w + 32 = -2*l - 29. Let j(r) = r**2 - 12*r + 10. Let z be j(15). Suppose o + w = z. What is the greatest common factor of 9 and o?
9
Let g be 6/2 - (-3)/3. Suppose g*w = 158 - 34. Let o be 1/((-1)/(-62))*2. What is the highest common divisor of w and o?
31
Suppose -2*f = -3*f + 4. Let k be 2*(-6 + f) + 49. What is the greatest common factor of k and 30?
15
Let a = -295 - -349. Calculate the highest common divisor of 351 and a.
27
Suppose -3*n - 5 = -4*l, -4*n - l + 8 + 17 = 0. Suppose 35 = k - 5*p, -3*p + 146 = n*k + p. Calculate the highest common divisor of 6 and k.
6
Let g = 14 + 0. Suppose 3*v = g - 5. Suppose -w = v*w - 96. What is the greatest common divisor of w and 48?
24
Let m(f) = 27*f**2 - 2*f + 16. Let y be m(3). What is the highest common factor of 11 and y?
11
Let w = 3 + 23. Suppose 86*n = 89*n - 5*p - 244, 3*n + 2*p = 230. Calculate the highest common factor of n and w.
26
Suppose 2*c - 4*d - 56 = 0, -4*c - 2*d = 17 - 129. What is the greatest common factor of 154 and c?
14
Let v be 1/((-1)/(-7)) + (534 - 24). Calculate the highest common divisor of 88 and v.
11
Suppose -2*o - 6 = 2*z, -o + z + 4*z = -27. Let r(g) = 2*g + 2*g - o - 6*g. Let x be r(-3). Calculate the highest common factor of 20 and x.
4
Let n = -10 - -25. Let h(q) = -q**2 + 2*q + 4. Let o be h(6). Let y = o - -26. Calculate the greatest common factor of n and y.
3
Suppose 3*g - 63 = -3*w, -3*g + 59 + 23 = 4*w. What is the greatest common factor of 171 and w?
19
Let y(j) = 27*j + 168. Let l be y(-4). Calculate the greatest common factor of 1140 and l.
60
Let b(q) = -q**2 + 7*q. Let u be b(6). Let p be u*(-41)/(-21) - (-2)/7. Calculate the highest common divisor of p and 3.
3
Suppose 0 = n - 5*v - 401, -1421 = -4*n - 2*v + 73. What is the highest common factor of 47 and n?
47
Let v(u) = 18*u**2 + 6*u + 6. Let m be v(-2). What is the greatest common factor of m and 165?
33
Let b be 1 + (-3 - 1) - -23. Suppose f + 14 = b. Suppose -f*t - 560 = -13*t. What is the greatest common factor of 32 and t?
16
Let a be 4/(-9) + (3 - 316225/(-63)). Calculate the highest common factor of a and 27.
27
Let x(h) = -3*h**3 - 11*h**2 - 16*h - 12. Let j be x(-5). What is the highest common divisor of j and 7?
7
Let p = 45 + 25. Let d = p + -7. Calculate the highest common divisor of 7 and d.
7
Suppose 5*r = 4*h - 96, 2*h - 2*r - 48 = -r. Let s = -128 + 140. Calculate the greatest common divisor of s and h.
12
Let f(l) = 3*l - 14. Let c be f(6). Suppose -55 = -2*u + 5*w - 17, 3*u - 43 = c*w. Suppose u*x - 26 = 8*x. What is the greatest common divisor of 26 and x?
26
Let h(l) = -l**3 + 11*l**2 + 5*l + 23. Let b(r) = r**2 + 12*r + 22. Let f be b(-11). Let a be h(f). Calculate the greatest common factor of 6 and a.
6
Let r(q) = q**3 - 16*q**2 - 15*q - 7. Let v be r(17). Let j be ((-15)/(-6) - 2)*36. What is the highest common factor of j and v?
9
Let a = 335 - 197. Let y = a - 195. Let x = 96 + y. Calculate the greatest common divisor of 13 and x.
13
Let q(b) = 2*b**2 + 4*b - 14. Let n be q(-5). Suppose 3*c = 0, 5*c + n = z - 12. What is the highest common divisor of z and 70?
14
Suppose 0*z + z - 3 = 0. Suppose 4*l - 14 = 3*o, 5*l - 26 = o - z. Suppose 0 = l*a - 281 - 119. Calculate the greatest common factor of 10 and a.
10
Suppose -o + 26 + 23 = r, 0 = 5*r - 2*o - 231. Suppose 3*k - 227 = -r. What is the highest common factor of k and 12?
12
Suppose 90*i + 10 = 91*i. Let z be (-1 - (1 + 1))*-6. Suppose 22 = 4*b - z. What is the greatest common factor of i and b?
10
Let x = -421 + 1226. Calculate the highest common divisor of 5 and x.
5
Suppose -12*z + 140 = -2*z. What is the highest common factor of z and 2?
2
Let i(k) = k**3 - 7*k**2 + k - 5. Suppose 0 = 2*n - 6*n - 40. Let u be 2/n + 360/50. Let q be i(u). What is the greatest common factor of q and 3?
1
Suppose 2*b - 2*z = -0*z - 8, 5*b + 4*z = 16. Suppose -c - 4*l = 3*c - 76, -2*l + 6 = b. What is the highest common factor of 32 and c?
16
Let d(f) = 2*f**2 - 51*f + 323. Let q be d(7). Let v(k) = 2*k + 2. Let i be v(3). Calculate the greatest common factor of q and i.
8
Let q be (-3)/(-5)*(16 + -11). Let j = 5 + q. Let w = 4 - 2. Calculate the highest common factor of j and w.
2
Let n(t) = -24*t + 136. Let s be n(4). Calculate the highest common divisor of 1160 and s.
40
Suppose 6*m - 7*m - 115 = -5*h, m = -h + 23. Calculate the greatest common factor of h and 184.
23
Let p(n) = n**2 + 30. Let a(t) = -t**3 - 12*t**2 - 11*t. Let b be a(-11). Let x be p(b). What is the highest common divisor of x and 6?
6
Let b = 21 + 163. Let y(c) = c**3 + 6*c**2 + 23. Let o be y(-6). Calculate the highest common divisor of o and b.
23
Let y(s) = 2*s - 13. Let b be y(8). Suppose b*u + 240 = 6*u. Calculate the greatest common factor of 16 and u.
16
Suppose -5 = x, -2*x + 57 = 4*u + x. Suppose 0 = d + 3*z - u, 3*z = -3*d - z + 49. Suppose 0 = j - 0*j - d. Calculate the greatest common factor of 60 and j.
15
Suppose 12*m + 36 = 13*m. Let g be m/(-24)*(-109 - (0 - -1)). What is the highest common factor of 15 and g?
15
Let i(n) be the first derivative of -19*n**2/2 + n - 14. Let d be i(-1). What is the greatest common divisor of d and 4?
4
Let b(j) = j**3 + 6*j**2 - 5*j + 1. Let k be b(1). What is the greatest common factor of k and 8?
1
Suppose 3*v = 15, 0 = 4*y - 3*v - 3 + 6. Suppose -2*j + 2*w - 1 = -11, -6 = y*w. Suppose -c - 6 = -21. Calculate the highest common divisor of j and c.
3
Let c = -324 - -400. What is the greatest common factor of c and 95?
19
Suppose -210*s + 211*s = 102. What is the highest common factor of 3 and s?
3
Let q be 420/(-10)*(3 + -1 + -29). Calculate the highest common factor of q and 28.
14
Suppose -119*w + 132 = -116*w. Suppose 5*y + 2*x + 2*x = 43, -x = y - 8. What is the highest common factor of y and w?
11
Suppose -9*p + 72 = -9. Calculate the greatest common factor of p and 1.
1
Let z be 6*((-10)/(-40) + 102/8). What is the highest common divisor of z and 24?
6
Let f(t) be the second derivative of t**4/12 - t**3/2 + t**2/2 + 2*t. Let g be f(6). Calculate the highest common divisor of 76 and g.
19
Suppose 4*q + 0*q = 2*g + 5930, -q - g + 1481 = 0. What is the highest common factor of 78 and q?
78
Let o = -1685 - -1709. Calculate the greatest common factor of o and 440.
8
Suppose -14*x = -5*x - 162. Suppose x*u - 3*u - 825 = 0. What is the greatest common factor of 11 and u?
11
Let x(k) = 64*k**2 + 7*k - 18. Let m be x(2). What is the highest common divisor of m and 36?
36
Suppose 9*u - 73 - 8 = 0. Calculate the highest common divisor of 60 and u.
3
Let y be (-11)/((-44)/72) - 5. What is the greatest common factor of 299 and y?
13
Suppose 5*f + 3*f + 216 = 0. Let v be 24/((f/24)/(-3)). What is the highest common divisor of v and 8?
8
Suppose 0 = 11*t - 6*t - 110. Suppose o - 132 = -o. Calculate the highest common divisor of t and o.
22
Let a be (-1687)/(-723)*(143 + 1). Calculate the highest common factor of a and 448.
112
Suppose -45 = 23*j - 28*j. Suppose 0 = -n + j + 18. What is the greatest common divisor of 45 and n?
9
Let l(t) = -t + 68. Let c be l(26). Suppose -2*y - 2 = 0, 3*z - 100 - c = -2*y. What is the highest common factor of 4 and z?
4
Suppose 0 = -5*v + 4*d + 13, 0 = 2*v + 4*d - 0*d - 22. Let l = -5 + 7. Calculate the greatest common factor of v and l.
1
Let g be (23 + 326)*(0 - 1 - -2). Suppose 2*m - 354 = -4*v, -2*v + g = 2*v - 3*m. Calculate the highest common divisor of 11 and v.
11
Let f(n) = -n**3 + 4*n + 1. Let l be f(-4). Let z be 90 - (-10 - (4 + -6)). What is the highest common divisor of l and z?
49
Let v = 37 - 19. Let i be ((-28)/6)/((-13)/351). What is the highest common divisor of i and v?
18
Let w = -245 - -377. Suppose 0 = 27*j - 25*j - w. What is the greatest com